of 592539 and 2367?
789
What is the greatest common divisor of 376674 and 4685?
937
Calculate the greatest common factor of 716 and 167723.
179
Calculate the highest common factor of 289 and 27.
1
Calculate the greatest common divisor of 1785 and 24.
3
What is the greatest common divisor of 734292 and 18?
18
What is the highest common divisor of 2214 and 702?
54
What is the greatest common factor of 177 and 18563583?
177
What is the highest common divisor of 198405 and 2565?
45
What is the highest common factor of 1481 and 17?
1
What is the greatest common factor of 13737 and 228?
57
What is the highest common factor of 133 and 1792?
7
What is the greatest common divisor of 415099 and 302?
151
Calculate the greatest common divisor of 45255 and 5775.
105
What is the highest common divisor of 896 and 527870?
14
What is the greatest common factor of 3335 and 15755?
115
What is the greatest common factor of 10973238 and 222?
222
Calculate the greatest common factor of 4986 and 51.
3
What is the greatest common divisor of 6141 and 547617?
267
Calculate the greatest common factor of 9746884 and 223.
223
Calculate the highest common factor of 4256712 and 8.
8
What is the greatest common factor of 234 and 365859?
117
Calculate the highest common divisor of 105658 and 70.
14
Calculate the highest common divisor of 1178 and 1643.
31
What is the greatest common factor of 1048 and 1460519?
131
What is the highest common divisor of 8604 and 36?
36
What is the greatest common divisor of 196 and 2281636?
196
What is the greatest common factor of 2848 and 21004?
356
Calculate the greatest common factor of 22 and 164241.
11
What is the highest common divisor of 1606386 and 6?
6
What is the highest common factor of 8188 and 2300?
92
Calculate the greatest common factor of 112 and 57344.
112
Calculate the greatest common divisor of 36 and 6063492.
12
Calculate the greatest common divisor of 5092310 and 30.
10
What is the greatest common divisor of 3 and 26592?
3
What is the highest common factor of 237727 and 7?
7
What is the highest common divisor of 74096 and 11?
11
What is the highest common factor of 203260 and 20?
20
What is the greatest common divisor of 284 and 764?
4
Calculate the greatest common divisor of 192 and 4974.
6
What is the greatest common factor of 889 and 9142?
7
Calculate the highest common divisor of 30850 and 400.
50
What is the highest common divisor of 112 and 321608?
56
Calculate the greatest common divisor of 60580 and 52.
52
What is the greatest common divisor of 26740 and 28?
28
What is the greatest common factor of 52 and 1075386?
26
What is the highest common divisor of 16 and 4022?
2
Calculate the highest common divisor of 3370 and 6370.
10
What is the highest common divisor of 475 and 703?
19
What is the highest common factor of 156 and 162422?
26
Calculate the highest common divisor of 747875 and 2790.
155
What is the highest common divisor of 2628 and 1476?
36
What is the greatest common factor of 8405 and 5945?
205
Calculate the greatest common divisor of 2512 and 290764.
628
Calculate the highest common factor of 6 and 620656.
2
What is the greatest common factor of 176 and 8576?
16
What is the greatest common factor of 18 and 364752?
18
Calculate the highest common factor of 24053 and 469.
67
Calculate the greatest common divisor of 2344 and 33392.
8
What is the highest common divisor of 1899 and 17513?
211
Calculate the greatest common factor of 4915760 and 1290.
430
What is the greatest common factor of 792 and 275?
11
Calculate the greatest common factor of 15753 and 354.
177
Calculate the highest common divisor of 19288 and 24.
8
Calculate the greatest common factor of 77 and 11803.
11
Calculate the highest common divisor of 40 and 2104220.
20
Calculate the greatest common divisor of 35 and 2041340.
35
Calculate the highest common divisor of 31875 and 1325.
25
What is the highest common factor of 24 and 36508?
4
What is the highest common factor of 4431 and 537?
3
What is the greatest common factor of 13844377 and 73?
73
Calculate the highest common factor of 6340 and 2020.
20
Calculate the highest common divisor of 485030 and 273.
91
What is the greatest common factor of 905987 and 15499?
1409
Calculate the highest common factor of 112104 and 14904.
648
Calculate the highest common divisor of 216500 and 2000.
500
What is the highest common divisor of 86670 and 540?
270
What is the highest common divisor of 4037 and 616?
11
What is the greatest common factor of 415324 and 416?
52
What is the highest common factor of 22196 and 48112?
124
What is the highest common divisor of 649257 and 86?
43
Calculate the greatest common divisor of 6075 and 1359.
9
What is the greatest common factor of 1584 and 6192?
144
Calculate the greatest common divisor of 891504 and 720.
144
Calculate the greatest common factor of 21 and 220983.
21
Calculate the highest common factor of 1219 and 1587.
23
What is the highest common divisor of 475 and 186600?
25
What is the greatest common divisor of 54 and 46026?
18
Calculate the greatest common factor of 27269 and 22.
11
Calculate the greatest common factor of 19638 and 18.
18
Calculate the highest common divisor of 502 and 1342348.
502
What is the highest common divisor of 427440 and 520?
520
Calculate the greatest common factor of 58714 and 62.
62
Calculate the highest common divisor of 60 and 159825.
15
What is the highest common divisor of 715 and 253?
11
Calculate the highest common factor of 363676 and 3776.
236
Calculate the highest common factor of 2589777 and 207.
207
What is the highest common factor of 48168 and 432?
216
Calculate the highest common factor of 794 and 675694.
794
What is the highest common factor of 161 and 3143?
7
Calculate the highest common factor of 791 and 196055.
113
Calculate the highest common divisor of 309888 and 37122.
1614
What is the greatest common factor of 3589 and 104275?
97
Calculate the greatest common divisor of 382 and 29987.
191
Calculate the greatest common factor of 296444 and 1332.
148
Calculate the greatest common divisor of 1184 and 6368.
32
Calculate the greatest common divisor of 2 and 8743.
1
What is the greatest common divisor of 63 and 405993?
21
Calculate the highest common divisor of 19809 and 4743.
279
Calculate the greatest common factor of 43110 and 90.
90
What is the greatest common divisor of 99792 and 15048?
792
What is the greatest common divisor of 53275 and 75?
25
Calculate the highest common divisor of 91 and 832.
13
What is the highest common factor of 5652 and 1122236?
628
What is the highest common factor of 5550 and 2?
2
What is the highest common divisor of 413485 and 615?
205
Calculate the highest common factor of 33040 and 7168.
112
What is the highest common divisor of 7359 and 99?
33
Calculate the greatest common divisor of 6566 and 280.
14
What is the highest common factor of 104 and 6904?
8
What is the greatest common divisor of 1676691 and 18?
9
What is the greatest common factor of 10718 and 138?
46
What is the highest common factor of 3636 and 252?
36
Calculate the highest common divisor of 79315 and 1595.
145
Calculate the greatest common factor of 7 and 27041.
7
What is the greatest common divisor of 1376 and 21088?
32
What is the highest common divisor of 11195 and 1405?
5
What is the greatest common divisor of 1855 and 5418455?
1855
Calculate the greatest common factor of 56545 and 1720.
215
What is the highest common factor of 332153 and 386?
193
What is the highest common divisor of 218219 and 67?
67
What is the greatest common factor of 95371 and 674?
337
Calculate the greatest common factor of 1820 and 54236.
364
Calculate the highest common divisor of 252 and 3012912.
252
Calculate the greatest common factor of 24057 and 53262.
99
Calculate the highest common factor of 7 and 18151.
7
What is the greatest common factor of 6538 and 42?
14
Calculate the highest common factor of 245810 and 12690.
470
What is the highest common factor of 7745 and 5?
5
Calculate the highest common factor of 644 and 8349138.
322
What is the greatest common divisor of 450 and 60525?
225
What is the greatest common divisor of 34368 and 120?
24
What is the greatest common divisor of 30317 and 305?
61
Calculate the highest comm